{"id":22204,"date":"2018-09-24T12:42:41","date_gmt":"2018-09-24T10:42:41","guid":{"rendered":"https:\/\/costablancaup.com\/class\/nunatak-el-tiempo-de-los-valientes\/"},"modified":"2018-12-05T14:22:28","modified_gmt":"2018-12-05T13:22:28","slug":"nunatak-el-tiempo-de-los-valientes","status":"publish","type":"class","link":"https:\/\/costablancaup.com\/ru\/class\/nunatak-el-tiempo-de-los-valientes\/","title":{"rendered":"Nunatak: \u00abEl tiempo de los valientes\u00bb"},"content":{"rendered":"<h3>Nunatak presents his third edited work &#8216;Nunatak y el tiempo de los valientes&#8217;, in a live full of energy with masterful choirs, which shows the evolution of the band in a sincere and risky way in sound and development, introducing percussive layers, powerful choruses, more direct lyrics, synths and electronics, in a journey through forests and stars, lights and shadows, fear and courage<\/h3>\n<p>Nunatak&#8217;s third instalment is an exercise in value, a game of balance between the acoustic, the avant-garde and different musical decades. <\/p>\n<p>Adri\u00e1n Guti\u00e9rrez, Alex Dumdaca, Fernando Besada, Gonzalo Ruiz, Pedro Hern\u00e1ndez and Jos\u00e9 Manuel Lucas finish drawing here the complete circle of a band impossible to label: unique, expansive, energetic, direct, coral. They are the outstanding mountain peak in a field of ice that contagious us with humanist songs, full of musical and cinematographic influences, of one of the most necessary qualities in the present time, the bravery. &#171;It is the time of all the brave&#187;.<\/p>\n<p><img decoding=\"async\" class=\"aligncenter\" src=\"\/event_img\/TKT151148_nunatak-en-valencia-gira-el-tiempo-de-los-valientes_1.jpg\" alt=\"Nunatak\" \/><\/p>\n<p class=\"tickets\"><a target=\"_blank\" title=\"\u0414\u043e\u0431\u0430\u0432\u0438\u0442\u044c \u0438\u043d\u0444\u043e\u0440\u043c\u0430\u0446\u0438\u044e\" href=\"https:\/\/www.ticketea.com\/entradas-concierto-nunatak-valencia-gira-tiempo-valientes\/?a_aid=AFFPAP-costablancaup&#038;a_bid=0b473a77\">\u0414\u043e\u0431\u0430\u0432\u0438\u0442\u044c \u0438\u043d\u0444\u043e\u0440\u043c\u0430\u0446\u0438\u044e<\/a><\/p>\n","protected":false},"excerpt":{"rendered":"<p>Nunatak presents his third edited work &#8216;Nunatak y el tiempo de los valientes&#8217;, in a live full of energy with masterful choirs, which shows the evolution of the band in a sincere and risky way in sound and development, introducing percussive layers, powerful choruses, more direct lyrics, synths and electronics, in a journey through forests and stars, lights and shadows, fear and courage Nunatak&#8217;s third instalment is an exercise in value, a game of balance between the acoustic, the avant-garde and different musical decades. Adri\u00e1n Guti\u00e9rrez, Alex Dumdaca, Fernando Besada, Gonzalo Ruiz, Pedro Hern\u00e1ndez and Jos\u00e9 Manuel Lucas finish drawing [&hellip;]<\/p>\n","protected":false},"template":"","meta":[],"wcs-type":[5428],"wcs-room":[5326],"wcs-instructor":[],"class_list":["post-22204","class","type-class","status-publish","hentry","wcs-type-5428","wcs-room-valencia-sala-loco-club"],"yoast_head":"<!-- This site is optimized with the Yoast SEO plugin v27.4 - https:\/\/yoast.com\/product\/yoast-seo-wordpress\/ -->\n<title>Nunatak: \u00abEl tiempo de los valientes\u00bb - COSTA BLANCA UP<\/title>\n<meta name=\"robots\" content=\"index, follow, max-snippet:-1, max-image-preview:large, max-video-preview:-1\" \/>\n<link rel=\"canonical\" href=\"https:\/\/costablancaup.com\/ru\/class\/nunatak-el-tiempo-de-los-valientes\/\" \/>\n<meta property=\"og:locale\" content=\"ru_RU\" \/>\n<meta property=\"og:type\" content=\"article\" \/>\n<meta property=\"og:title\" content=\"Nunatak: \u00abEl tiempo de los valientes\u00bb - COSTA BLANCA UP\" \/>\n<meta property=\"og:description\" content=\"Nunatak presents his third edited work &#8216;Nunatak y el tiempo de los valientes&#8217;, in a live full of energy with masterful choirs, which shows the evolution of the band in a sincere and risky way in sound and development, introducing percussive layers, powerful choruses, more direct lyrics, synths and electronics, in a journey through forests and stars, lights and shadows, fear and courage Nunatak&#8217;s third instalment is an exercise in value, a game of balance between the acoustic, the avant-garde and different musical decades. Adri\u00e1n Guti\u00e9rrez, Alex Dumdaca, Fernando Besada, Gonzalo Ruiz, Pedro Hern\u00e1ndez and Jos\u00e9 Manuel Lucas finish drawing [&hellip;]\" \/>\n<meta property=\"og:url\" content=\"https:\/\/costablancaup.com\/ru\/class\/nunatak-el-tiempo-de-los-valientes\/\" \/>\n<meta property=\"og:site_name\" content=\"COSTA BLANCA UP\" \/>\n<meta property=\"article:modified_time\" content=\"2018-12-05T13:22:28+00:00\" \/>\n<meta property=\"og:image\" content=\"https:\/\/costablancaup.com\/event_img\/TKT151148_nunatak-en-valencia-gira-el-tiempo-de-los-valientes_1.jpg\" \/>\n<meta name=\"twitter:card\" content=\"summary_large_image\" \/>\n<meta name=\"twitter:label1\" content=\"\u041f\u0440\u0438\u043c\u0435\u0440\u043d\u043e\u0435 \u0432\u0440\u0435\u043c\u044f \u0434\u043b\u044f \u0447\u0442\u0435\u043d\u0438\u044f\" \/>\n\t<meta name=\"twitter:data1\" content=\"1 \u043c\u0438\u043d\u0443\u0442\u0430\" \/>\n<script type=\"application\/ld+json\" class=\"yoast-schema-graph\">{\"@context\":\"https:\\\/\\\/schema.org\",\"@graph\":[{\"@type\":\"WebPage\",\"@id\":\"https:\\\/\\\/costablancaup.com\\\/ru\\\/class\\\/nunatak-el-tiempo-de-los-valientes\\\/\",\"url\":\"https:\\\/\\\/costablancaup.com\\\/ru\\\/class\\\/nunatak-el-tiempo-de-los-valientes\\\/\",\"name\":\"Nunatak: \u00abEl tiempo de los valientes\u00bb - COSTA BLANCA UP\",\"isPartOf\":{\"@id\":\"https:\\\/\\\/costablancaup.com\\\/ru\\\/#website\"},\"datePublished\":\"2018-09-24T10:42:41+00:00\",\"dateModified\":\"2018-12-05T13:22:28+00:00\",\"breadcrumb\":{\"@id\":\"https:\\\/\\\/costablancaup.com\\\/ru\\\/class\\\/nunatak-el-tiempo-de-los-valientes\\\/#breadcrumb\"},\"inLanguage\":\"ru-RU\",\"potentialAction\":[{\"@type\":\"ReadAction\",\"target\":[\"https:\\\/\\\/costablancaup.com\\\/ru\\\/class\\\/nunatak-el-tiempo-de-los-valientes\\\/\"]}]},{\"@type\":\"BreadcrumbList\",\"@id\":\"https:\\\/\\\/costablancaup.com\\\/ru\\\/class\\\/nunatak-el-tiempo-de-los-valientes\\\/#breadcrumb\",\"itemListElement\":[{\"@type\":\"ListItem\",\"position\":1,\"name\":\"Home\",\"item\":\"https:\\\/\\\/costablancaup.com\\\/ru\\\/\"},{\"@type\":\"ListItem\",\"position\":2,\"name\":\"Nunatak: \u00abEl tiempo de los valientes\u00bb\"}]},{\"@type\":\"WebSite\",\"@id\":\"https:\\\/\\\/costablancaup.com\\\/ru\\\/#website\",\"url\":\"https:\\\/\\\/costablancaup.com\\\/ru\\\/\",\"name\":\"COSTA BLANCA UP\",\"description\":\"Costa Blanca Agenda\",\"publisher\":{\"@id\":\"https:\\\/\\\/costablancaup.com\\\/ru\\\/#organization\"},\"potentialAction\":[{\"@type\":\"SearchAction\",\"target\":{\"@type\":\"EntryPoint\",\"urlTemplate\":\"https:\\\/\\\/costablancaup.com\\\/ru\\\/?s={search_term_string}\"},\"query-input\":{\"@type\":\"PropertyValueSpecification\",\"valueRequired\":true,\"valueName\":\"search_term_string\"}}],\"inLanguage\":\"ru-RU\"},{\"@type\":\"Organization\",\"@id\":\"https:\\\/\\\/costablancaup.com\\\/ru\\\/#organization\",\"name\":\"Costa Blanca Up\",\"url\":\"https:\\\/\\\/costablancaup.com\\\/ru\\\/\",\"logo\":{\"@type\":\"ImageObject\",\"inLanguage\":\"ru-RU\",\"@id\":\"https:\\\/\\\/costablancaup.com\\\/ru\\\/#\\\/schema\\\/logo\\\/image\\\/\",\"url\":\"https:\\\/\\\/costablancaup.com\\\/wp-content\\\/uploads\\\/2018\\\/07\\\/titulo_web-1.png\",\"contentUrl\":\"https:\\\/\\\/costablancaup.com\\\/wp-content\\\/uploads\\\/2018\\\/07\\\/titulo_web-1.png\",\"width\":1973,\"height\":303,\"caption\":\"Costa Blanca Up\"},\"image\":{\"@id\":\"https:\\\/\\\/costablancaup.com\\\/ru\\\/#\\\/schema\\\/logo\\\/image\\\/\"}}]}<\/script>\n<!-- \/ Yoast SEO plugin. -->","yoast_head_json":{"title":"Nunatak: \u00abEl tiempo de los valientes\u00bb - COSTA BLANCA UP","robots":{"index":"index","follow":"follow","max-snippet":"max-snippet:-1","max-image-preview":"max-image-preview:large","max-video-preview":"max-video-preview:-1"},"canonical":"https:\/\/costablancaup.com\/ru\/class\/nunatak-el-tiempo-de-los-valientes\/","og_locale":"ru_RU","og_type":"article","og_title":"Nunatak: \u00abEl tiempo de los valientes\u00bb - COSTA BLANCA UP","og_description":"Nunatak presents his third edited work &#8216;Nunatak y el tiempo de los valientes&#8217;, in a live full of energy with masterful choirs, which shows the evolution of the band in a sincere and risky way in sound and development, introducing percussive layers, powerful choruses, more direct lyrics, synths and electronics, in a journey through forests and stars, lights and shadows, fear and courage Nunatak&#8217;s third instalment is an exercise in value, a game of balance between the acoustic, the avant-garde and different musical decades. Adri\u00e1n Guti\u00e9rrez, Alex Dumdaca, Fernando Besada, Gonzalo Ruiz, Pedro Hern\u00e1ndez and Jos\u00e9 Manuel Lucas finish drawing [&hellip;]","og_url":"https:\/\/costablancaup.com\/ru\/class\/nunatak-el-tiempo-de-los-valientes\/","og_site_name":"COSTA BLANCA UP","article_modified_time":"2018-12-05T13:22:28+00:00","og_image":[{"url":"https:\/\/costablancaup.com\/event_img\/TKT151148_nunatak-en-valencia-gira-el-tiempo-de-los-valientes_1.jpg","type":"","width":"","height":""}],"twitter_card":"summary_large_image","twitter_misc":{"\u041f\u0440\u0438\u043c\u0435\u0440\u043d\u043e\u0435 \u0432\u0440\u0435\u043c\u044f \u0434\u043b\u044f \u0447\u0442\u0435\u043d\u0438\u044f":"1 \u043c\u0438\u043d\u0443\u0442\u0430"},"schema":{"@context":"https:\/\/schema.org","@graph":[{"@type":"WebPage","@id":"https:\/\/costablancaup.com\/ru\/class\/nunatak-el-tiempo-de-los-valientes\/","url":"https:\/\/costablancaup.com\/ru\/class\/nunatak-el-tiempo-de-los-valientes\/","name":"Nunatak: \u00abEl tiempo de los valientes\u00bb - COSTA BLANCA UP","isPartOf":{"@id":"https:\/\/costablancaup.com\/ru\/#website"},"datePublished":"2018-09-24T10:42:41+00:00","dateModified":"2018-12-05T13:22:28+00:00","breadcrumb":{"@id":"https:\/\/costablancaup.com\/ru\/class\/nunatak-el-tiempo-de-los-valientes\/#breadcrumb"},"inLanguage":"ru-RU","potentialAction":[{"@type":"ReadAction","target":["https:\/\/costablancaup.com\/ru\/class\/nunatak-el-tiempo-de-los-valientes\/"]}]},{"@type":"BreadcrumbList","@id":"https:\/\/costablancaup.com\/ru\/class\/nunatak-el-tiempo-de-los-valientes\/#breadcrumb","itemListElement":[{"@type":"ListItem","position":1,"name":"Home","item":"https:\/\/costablancaup.com\/ru\/"},{"@type":"ListItem","position":2,"name":"Nunatak: \u00abEl tiempo de los valientes\u00bb"}]},{"@type":"WebSite","@id":"https:\/\/costablancaup.com\/ru\/#website","url":"https:\/\/costablancaup.com\/ru\/","name":"COSTA BLANCA UP","description":"Costa Blanca Agenda","publisher":{"@id":"https:\/\/costablancaup.com\/ru\/#organization"},"potentialAction":[{"@type":"SearchAction","target":{"@type":"EntryPoint","urlTemplate":"https:\/\/costablancaup.com\/ru\/?s={search_term_string}"},"query-input":{"@type":"PropertyValueSpecification","valueRequired":true,"valueName":"search_term_string"}}],"inLanguage":"ru-RU"},{"@type":"Organization","@id":"https:\/\/costablancaup.com\/ru\/#organization","name":"Costa Blanca Up","url":"https:\/\/costablancaup.com\/ru\/","logo":{"@type":"ImageObject","inLanguage":"ru-RU","@id":"https:\/\/costablancaup.com\/ru\/#\/schema\/logo\/image\/","url":"https:\/\/costablancaup.com\/wp-content\/uploads\/2018\/07\/titulo_web-1.png","contentUrl":"https:\/\/costablancaup.com\/wp-content\/uploads\/2018\/07\/titulo_web-1.png","width":1973,"height":303,"caption":"Costa Blanca Up"},"image":{"@id":"https:\/\/costablancaup.com\/ru\/#\/schema\/logo\/image\/"}}]}},"_links":{"self":[{"href":"https:\/\/costablancaup.com\/ru\/wp-json\/wp\/v2\/class\/22204","targetHints":{"allow":["GET"]}}],"collection":[{"href":"https:\/\/costablancaup.com\/ru\/wp-json\/wp\/v2\/class"}],"about":[{"href":"https:\/\/costablancaup.com\/ru\/wp-json\/wp\/v2\/types\/class"}],"wp:attachment":[{"href":"https:\/\/costablancaup.com\/ru\/wp-json\/wp\/v2\/media?parent=22204"}],"wp:term":[{"taxonomy":"wcs-type","embeddable":true,"href":"https:\/\/costablancaup.com\/ru\/wp-json\/wp\/v2\/wcs-type?post=22204"},{"taxonomy":"wcs-room","embeddable":true,"href":"https:\/\/costablancaup.com\/ru\/wp-json\/wp\/v2\/wcs-room?post=22204"},{"taxonomy":"wcs-instructor","embeddable":true,"href":"https:\/\/costablancaup.com\/ru\/wp-json\/wp\/v2\/wcs-instructor?post=22204"}],"curies":[{"name":"wp","href":"https:\/\/api.w.org\/{rel}","templated":true}]}}

<h3>Nunatak presents his third edited work &#8216;Nunatak y el tiempo de los valientes&#8217;, in a live full of energy with masterful choirs, which shows the evolution of the band in a sincere and risky way in sound and development, introducing percussive layers, powerful choruses, more direct lyrics, synths and electronics, in a journey through forests and stars, lights and shadows, fear and courage</h3>
<p>Nunatak&#8217;s third instalment is an exercise in value, a game of balance between the acoustic, the avant-garde and different musical decades. </p>
<p>Adrián Gutiérrez, Alex Dumdaca, Fernando Besada, Gonzalo Ruiz, Pedro Hernández and José Manuel Lucas finish drawing here the complete circle of a band impossible to label: unique, expansive, energetic, direct, coral. They are the outstanding mountain peak in a field of ice that contagious us with humanist songs, full of musical and cinematographic influences, of one of the most necessary qualities in the present time, the bravery. &#171;It is the time of all the brave&#187;.</p>
<p><img decoding="async" class="aligncenter" src="/event_img/TKT151148_nunatak-en-valencia-gira-el-tiempo-de-los-valientes_1.jpg" alt="Nunatak" /></p>
<p class="tickets"><a target="_blank" title="Добавить информацию" href="https://www.ticketea.com/entradas-concierto-nunatak-valencia-gira-tiempo-valientes/?a_aid=AFFPAP-costablancaup&#038;a_bid=0b473a77">Добавить информацию</a></p>

<p>Nunatak presents his third edited work &#8216;Nunatak y el tiempo de los valientes&#8217;, in a live full of energy with masterful choirs, which shows the evolution of the band in a sincere and risky way in sound and development, introducing percussive layers, powerful choruses, more direct lyrics, synths and electronics, in a journey through forests and stars, lights and shadows, fear and courage Nunatak&#8217;s third instalment is an exercise in value, a game of balance between the acoustic, the avant-garde and different musical decades. Adrián Gutiérrez, Alex Dumdaca, Fernando Besada, Gonzalo Ruiz, Pedro Hernández and José Manuel Lucas finish drawing [&hellip;]</p>

<!-- This site is optimized with the Yoast SEO plugin v27.4 - https://yoast.com/product/yoast-seo-wordpress/ -->
<title>Nunatak: «El tiempo de los valientes» - COSTA BLANCA UP</title>
<meta name="robots" content="index, follow, max-snippet:-1, max-image-preview:large, max-video-preview:-1" />
<link rel="canonical" href="https://costablancaup.com/ru/class/nunatak-el-tiempo-de-los-valientes/" />
<meta property="og:locale" content="ru_RU" />
<meta property="og:type" content="article" />
<meta property="og:title" content="Nunatak: «El tiempo de los valientes» - COSTA BLANCA UP" />
<meta property="og:description" content="Nunatak presents his third edited work &#8216;Nunatak y el tiempo de los valientes&#8217;, in a live full of energy with masterful choirs, which shows the evolution of the band in a sincere and risky way in sound and development, introducing percussive layers, powerful choruses, more direct lyrics, synths and electronics, in a journey through forests and stars, lights and shadows, fear and courage Nunatak&#8217;s third instalment is an exercise in value, a game of balance between the acoustic, the avant-garde and different musical decades. Adrián Gutiérrez, Alex Dumdaca, Fernando Besada, Gonzalo Ruiz, Pedro Hernández and José Manuel Lucas finish drawing [&hellip;]" />
<meta property="og:url" content="https://costablancaup.com/ru/class/nunatak-el-tiempo-de-los-valientes/" />
<meta property="og:site_name" content="COSTA BLANCA UP" />
<meta property="article:modified_time" content="2018-12-05T13:22:28+00:00" />
<meta property="og:image" content="https://costablancaup.com/event_img/TKT151148_nunatak-en-valencia-gira-el-tiempo-de-los-valientes_1.jpg" />
<meta name="twitter:card" content="summary_large_image" />
<meta name="twitter:label1" content="Примерное время для чтения" />
	<meta name="twitter:data1" content="1 минута" />
<script type="application/ld+json" class="yoast-schema-graph">{"@context":"https:\/\/schema.org","@graph":[{"@type":"WebPage","@id":"https:\/\/costablancaup.com\/ru\/class\/nunatak-el-tiempo-de-los-valientes\/","url":"https:\/\/costablancaup.com\/ru\/class\/nunatak-el-tiempo-de-los-valientes\/","name":"Nunatak: «El tiempo de los valientes» - COSTA BLANCA UP","isPartOf":{"@id":"https:\/\/costablancaup.com\/ru\/#website"},"datePublished":"2018-09-24T10:42:41+00:00","dateModified":"2018-12-05T13:22:28+00:00","breadcrumb":{"@id":"https:\/\/costablancaup.com\/ru\/class\/nunatak-el-tiempo-de-los-valientes\/#breadcrumb"},"inLanguage":"ru-RU","potentialAction":[{"@type":"ReadAction","target":["https:\/\/costablancaup.com\/ru\/class\/nunatak-el-tiempo-de-los-valientes\/"]}]},{"@type":"BreadcrumbList","@id":"https:\/\/costablancaup.com\/ru\/class\/nunatak-el-tiempo-de-los-valientes\/#breadcrumb","itemListElement":[{"@type":"ListItem","position":1,"name":"Home","item":"https:\/\/costablancaup.com\/ru\/"},{"@type":"ListItem","position":2,"name":"Nunatak: «El tiempo de los valientes»"}]},{"@type":"WebSite","@id":"https:\/\/costablancaup.com\/ru\/#website","url":"https:\/\/costablancaup.com\/ru\/","name":"COSTA BLANCA UP","description":"Costa Blanca Agenda","publisher":{"@id":"https:\/\/costablancaup.com\/ru\/#organization"},"potentialAction":[{"@type":"SearchAction","target":{"@type":"EntryPoint","urlTemplate":"https:\/\/costablancaup.com\/ru\/?s={search_term_string}"},"query-input":{"@type":"PropertyValueSpecification","valueRequired":true,"valueName":"search_term_string"}}],"inLanguage":"ru-RU"},{"@type":"Organization","@id":"https:\/\/costablancaup.com\/ru\/#organization","name":"Costa Blanca Up","url":"https:\/\/costablancaup.com\/ru\/","logo":{"@type":"ImageObject","inLanguage":"ru-RU","@id":"https:\/\/costablancaup.com\/ru\/#\/schema\/logo\/image\/","url":"https:\/\/costablancaup.com\/wp-content\/uploads\/2018\/07\/titulo_web-1.png","contentUrl":"https:\/\/costablancaup.com\/wp-content\/uploads\/2018\/07\/titulo_web-1.png","width":1973,"height":303,"caption":"Costa Blanca Up"},"image":{"@id":"https:\/\/costablancaup.com\/ru\/#\/schema\/logo\/image\/"}}]}</script>
<!-- / Yoast SEO plugin. -->

Nunatak presents his third edited work &#8216;Nunatak y el tiempo de los valientes&#8217;, in a live full of energy with masterful choirs, which shows the evolution of the band in a sincere and risky way in sound and development, introducing percussive layers, powerful choruses, more direct lyrics, synths and electronics, in a journey through forests and stars, lights and shadows, fear and courage Nunatak&#8217;s third instalment is an exercise in value, a game of balance between the acoustic, the avant-garde and different musical decades. Adrián Gutiérrez, Alex Dumdaca, Fernando Besada, Gonzalo Ruiz, Pedro Hernández and José Manuel Lucas finish drawing [&hellip;]

1 минута
