{"id":22205,"date":"2018-09-24T12:37:02","date_gmt":"2018-09-24T10:37:02","guid":{"rendered":"https:\/\/costablancaup.com\/class\/duo-dali-3-sonatas-a-salieri-de-beethoven\/"},"modified":"2018-12-05T14:22:35","modified_gmt":"2018-12-05T13:22:35","slug":"duo-dali-3-sonatas-a-salieri-de-beethoven","status":"publish","type":"class","link":"https:\/\/costablancaup.com\/ru\/class\/duo-dali-3-sonatas-a-salieri-de-beethoven\/","title":{"rendered":"Duo Dal\u00ed: \u00ab3 Sonatas a Salieri de Beethoven\u00bb"},"content":{"rendered":"<h3>The D\u00fao Dal\u00ed is made up of the performers Aida Velert (piano) and Fernando Pascual (violin)<\/h3>\n<p><em>The D\u00fao Dal\u00ed<\/em> was formed at the end of 2012. Each of them has an extensive career as a solo performer or as a member of other chamber music groups.<\/p>\n<h3>Synopsis<\/h3>\n<p>In January 1799, a Beethoven not so young, and certainly already famous among the Viennese aristocracy, published three sonatas <em>per il Clavicembalo or Forte-Piano with a Violino<\/em>, that is, for piano with an apparently supplementary part for the violin.<\/p>\n<p>Indeed, with these three sonatas Beethoven begins a journey that will culminate only five years later with the sonata <em>Kreutzer<\/em> and that prepares the birth of the romantic sonata.<\/p>\n<p class=\"tickets\"><a target=\"_blank\" title=\"\u0414\u043e\u0431\u0430\u0432\u0438\u0442\u044c \u0438\u043d\u0444\u043e\u0440\u043c\u0430\u0446\u0438\u044en\" href=\"https:\/\/www.ticketea.com\/entradas-concierto-beethoven-3-sonatas-a-salieri\/?a_aid=AFFPAP-costablancaup&#038;a_bid=0b473a77\">\u0414\u043e\u0431\u0430\u0432\u0438\u0442\u044c \u0438\u043d\u0444\u043e\u0440\u043c\u0430\u0446\u0438\u044e<\/a><\/p>\n","protected":false},"excerpt":{"rendered":"<p>The D\u00fao Dal\u00ed is made up of the performers Aida Velert (piano) and Fernando Pascual (violin) The D\u00fao Dal\u00ed was formed at the end of 2012. Each of them has an extensive career as a solo performer or as a member of other chamber music groups. Synopsis In January 1799, a Beethoven not so young, and certainly already famous among the Viennese aristocracy, published three sonatas per il Clavicembalo or Forte-Piano with a Violino, that is, for piano with an apparently supplementary part for the violin. Indeed, with these three sonatas Beethoven begins a journey that will culminate only five [&hellip;]<\/p>\n","protected":false},"template":"","meta":[],"wcs-type":[5428],"wcs-room":[5305],"wcs-instructor":[],"class_list":["post-22205","class","type-class","status-publish","hentry","wcs-type-5428","wcs-room-valencia-matisse-club"],"yoast_head":"<!-- This site is optimized with the Yoast SEO plugin v27.4 - https:\/\/yoast.com\/product\/yoast-seo-wordpress\/ -->\n<title>Duo Dal\u00ed: \u00ab3 Sonatas a Salieri de Beethoven\u00bb - COSTA BLANCA UP<\/title>\n<meta name=\"robots\" content=\"index, follow, max-snippet:-1, max-image-preview:large, max-video-preview:-1\" \/>\n<link rel=\"canonical\" href=\"https:\/\/costablancaup.com\/ru\/class\/duo-dali-3-sonatas-a-salieri-de-beethoven\/\" \/>\n<meta property=\"og:locale\" content=\"ru_RU\" \/>\n<meta property=\"og:type\" content=\"article\" \/>\n<meta property=\"og:title\" content=\"Duo Dal\u00ed: \u00ab3 Sonatas a Salieri de Beethoven\u00bb - COSTA BLANCA UP\" \/>\n<meta property=\"og:description\" content=\"The D\u00fao Dal\u00ed is made up of the performers Aida Velert (piano) and Fernando Pascual (violin) The D\u00fao Dal\u00ed was formed at the end of 2012. Each of them has an extensive career as a solo performer or as a member of other chamber music groups. Synopsis In January 1799, a Beethoven not so young, and certainly already famous among the Viennese aristocracy, published three sonatas per il Clavicembalo or Forte-Piano with a Violino, that is, for piano with an apparently supplementary part for the violin. Indeed, with these three sonatas Beethoven begins a journey that will culminate only five [&hellip;]\" \/>\n<meta property=\"og:url\" content=\"https:\/\/costablancaup.com\/ru\/class\/duo-dali-3-sonatas-a-salieri-de-beethoven\/\" \/>\n<meta property=\"og:site_name\" content=\"COSTA BLANCA UP\" \/>\n<meta property=\"article:modified_time\" content=\"2018-12-05T13:22:35+00:00\" \/>\n<meta name=\"twitter:card\" content=\"summary_large_image\" \/>\n<meta name=\"twitter:label1\" content=\"\u041f\u0440\u0438\u043c\u0435\u0440\u043d\u043e\u0435 \u0432\u0440\u0435\u043c\u044f \u0434\u043b\u044f \u0447\u0442\u0435\u043d\u0438\u044f\" \/>\n\t<meta name=\"twitter:data1\" content=\"1 \u043c\u0438\u043d\u0443\u0442\u0430\" \/>\n<script type=\"application\/ld+json\" class=\"yoast-schema-graph\">{\"@context\":\"https:\\\/\\\/schema.org\",\"@graph\":[{\"@type\":\"WebPage\",\"@id\":\"https:\\\/\\\/costablancaup.com\\\/ru\\\/class\\\/duo-dali-3-sonatas-a-salieri-de-beethoven\\\/\",\"url\":\"https:\\\/\\\/costablancaup.com\\\/ru\\\/class\\\/duo-dali-3-sonatas-a-salieri-de-beethoven\\\/\",\"name\":\"Duo Dal\u00ed: \u00ab3 Sonatas a Salieri de Beethoven\u00bb - COSTA BLANCA UP\",\"isPartOf\":{\"@id\":\"https:\\\/\\\/costablancaup.com\\\/ru\\\/#website\"},\"datePublished\":\"2018-09-24T10:37:02+00:00\",\"dateModified\":\"2018-12-05T13:22:35+00:00\",\"breadcrumb\":{\"@id\":\"https:\\\/\\\/costablancaup.com\\\/ru\\\/class\\\/duo-dali-3-sonatas-a-salieri-de-beethoven\\\/#breadcrumb\"},\"inLanguage\":\"ru-RU\",\"potentialAction\":[{\"@type\":\"ReadAction\",\"target\":[\"https:\\\/\\\/costablancaup.com\\\/ru\\\/class\\\/duo-dali-3-sonatas-a-salieri-de-beethoven\\\/\"]}]},{\"@type\":\"BreadcrumbList\",\"@id\":\"https:\\\/\\\/costablancaup.com\\\/ru\\\/class\\\/duo-dali-3-sonatas-a-salieri-de-beethoven\\\/#breadcrumb\",\"itemListElement\":[{\"@type\":\"ListItem\",\"position\":1,\"name\":\"Home\",\"item\":\"https:\\\/\\\/costablancaup.com\\\/ru\\\/\"},{\"@type\":\"ListItem\",\"position\":2,\"name\":\"Duo Dal\u00ed: \u00ab3 Sonatas a Salieri de Beethoven\u00bb\"}]},{\"@type\":\"WebSite\",\"@id\":\"https:\\\/\\\/costablancaup.com\\\/ru\\\/#website\",\"url\":\"https:\\\/\\\/costablancaup.com\\\/ru\\\/\",\"name\":\"COSTA BLANCA UP\",\"description\":\"Costa Blanca Agenda\",\"publisher\":{\"@id\":\"https:\\\/\\\/costablancaup.com\\\/ru\\\/#organization\"},\"potentialAction\":[{\"@type\":\"SearchAction\",\"target\":{\"@type\":\"EntryPoint\",\"urlTemplate\":\"https:\\\/\\\/costablancaup.com\\\/ru\\\/?s={search_term_string}\"},\"query-input\":{\"@type\":\"PropertyValueSpecification\",\"valueRequired\":true,\"valueName\":\"search_term_string\"}}],\"inLanguage\":\"ru-RU\"},{\"@type\":\"Organization\",\"@id\":\"https:\\\/\\\/costablancaup.com\\\/ru\\\/#organization\",\"name\":\"Costa Blanca Up\",\"url\":\"https:\\\/\\\/costablancaup.com\\\/ru\\\/\",\"logo\":{\"@type\":\"ImageObject\",\"inLanguage\":\"ru-RU\",\"@id\":\"https:\\\/\\\/costablancaup.com\\\/ru\\\/#\\\/schema\\\/logo\\\/image\\\/\",\"url\":\"https:\\\/\\\/costablancaup.com\\\/wp-content\\\/uploads\\\/2018\\\/07\\\/titulo_web-1.png\",\"contentUrl\":\"https:\\\/\\\/costablancaup.com\\\/wp-content\\\/uploads\\\/2018\\\/07\\\/titulo_web-1.png\",\"width\":1973,\"height\":303,\"caption\":\"Costa Blanca Up\"},\"image\":{\"@id\":\"https:\\\/\\\/costablancaup.com\\\/ru\\\/#\\\/schema\\\/logo\\\/image\\\/\"}}]}<\/script>\n<!-- \/ Yoast SEO plugin. -->","yoast_head_json":{"title":"Duo Dal\u00ed: \u00ab3 Sonatas a Salieri de Beethoven\u00bb - COSTA BLANCA UP","robots":{"index":"index","follow":"follow","max-snippet":"max-snippet:-1","max-image-preview":"max-image-preview:large","max-video-preview":"max-video-preview:-1"},"canonical":"https:\/\/costablancaup.com\/ru\/class\/duo-dali-3-sonatas-a-salieri-de-beethoven\/","og_locale":"ru_RU","og_type":"article","og_title":"Duo Dal\u00ed: \u00ab3 Sonatas a Salieri de Beethoven\u00bb - COSTA BLANCA UP","og_description":"The D\u00fao Dal\u00ed is made up of the performers Aida Velert (piano) and Fernando Pascual (violin) The D\u00fao Dal\u00ed was formed at the end of 2012. Each of them has an extensive career as a solo performer or as a member of other chamber music groups. Synopsis In January 1799, a Beethoven not so young, and certainly already famous among the Viennese aristocracy, published three sonatas per il Clavicembalo or Forte-Piano with a Violino, that is, for piano with an apparently supplementary part for the violin. Indeed, with these three sonatas Beethoven begins a journey that will culminate only five [&hellip;]","og_url":"https:\/\/costablancaup.com\/ru\/class\/duo-dali-3-sonatas-a-salieri-de-beethoven\/","og_site_name":"COSTA BLANCA UP","article_modified_time":"2018-12-05T13:22:35+00:00","twitter_card":"summary_large_image","twitter_misc":{"\u041f\u0440\u0438\u043c\u0435\u0440\u043d\u043e\u0435 \u0432\u0440\u0435\u043c\u044f \u0434\u043b\u044f \u0447\u0442\u0435\u043d\u0438\u044f":"1 \u043c\u0438\u043d\u0443\u0442\u0430"},"schema":{"@context":"https:\/\/schema.org","@graph":[{"@type":"WebPage","@id":"https:\/\/costablancaup.com\/ru\/class\/duo-dali-3-sonatas-a-salieri-de-beethoven\/","url":"https:\/\/costablancaup.com\/ru\/class\/duo-dali-3-sonatas-a-salieri-de-beethoven\/","name":"Duo Dal\u00ed: \u00ab3 Sonatas a Salieri de Beethoven\u00bb - COSTA BLANCA UP","isPartOf":{"@id":"https:\/\/costablancaup.com\/ru\/#website"},"datePublished":"2018-09-24T10:37:02+00:00","dateModified":"2018-12-05T13:22:35+00:00","breadcrumb":{"@id":"https:\/\/costablancaup.com\/ru\/class\/duo-dali-3-sonatas-a-salieri-de-beethoven\/#breadcrumb"},"inLanguage":"ru-RU","potentialAction":[{"@type":"ReadAction","target":["https:\/\/costablancaup.com\/ru\/class\/duo-dali-3-sonatas-a-salieri-de-beethoven\/"]}]},{"@type":"BreadcrumbList","@id":"https:\/\/costablancaup.com\/ru\/class\/duo-dali-3-sonatas-a-salieri-de-beethoven\/#breadcrumb","itemListElement":[{"@type":"ListItem","position":1,"name":"Home","item":"https:\/\/costablancaup.com\/ru\/"},{"@type":"ListItem","position":2,"name":"Duo Dal\u00ed: \u00ab3 Sonatas a Salieri de Beethoven\u00bb"}]},{"@type":"WebSite","@id":"https:\/\/costablancaup.com\/ru\/#website","url":"https:\/\/costablancaup.com\/ru\/","name":"COSTA BLANCA UP","description":"Costa Blanca Agenda","publisher":{"@id":"https:\/\/costablancaup.com\/ru\/#organization"},"potentialAction":[{"@type":"SearchAction","target":{"@type":"EntryPoint","urlTemplate":"https:\/\/costablancaup.com\/ru\/?s={search_term_string}"},"query-input":{"@type":"PropertyValueSpecification","valueRequired":true,"valueName":"search_term_string"}}],"inLanguage":"ru-RU"},{"@type":"Organization","@id":"https:\/\/costablancaup.com\/ru\/#organization","name":"Costa Blanca Up","url":"https:\/\/costablancaup.com\/ru\/","logo":{"@type":"ImageObject","inLanguage":"ru-RU","@id":"https:\/\/costablancaup.com\/ru\/#\/schema\/logo\/image\/","url":"https:\/\/costablancaup.com\/wp-content\/uploads\/2018\/07\/titulo_web-1.png","contentUrl":"https:\/\/costablancaup.com\/wp-content\/uploads\/2018\/07\/titulo_web-1.png","width":1973,"height":303,"caption":"Costa Blanca Up"},"image":{"@id":"https:\/\/costablancaup.com\/ru\/#\/schema\/logo\/image\/"}}]}},"_links":{"self":[{"href":"https:\/\/costablancaup.com\/ru\/wp-json\/wp\/v2\/class\/22205","targetHints":{"allow":["GET"]}}],"collection":[{"href":"https:\/\/costablancaup.com\/ru\/wp-json\/wp\/v2\/class"}],"about":[{"href":"https:\/\/costablancaup.com\/ru\/wp-json\/wp\/v2\/types\/class"}],"wp:attachment":[{"href":"https:\/\/costablancaup.com\/ru\/wp-json\/wp\/v2\/media?parent=22205"}],"wp:term":[{"taxonomy":"wcs-type","embeddable":true,"href":"https:\/\/costablancaup.com\/ru\/wp-json\/wp\/v2\/wcs-type?post=22205"},{"taxonomy":"wcs-room","embeddable":true,"href":"https:\/\/costablancaup.com\/ru\/wp-json\/wp\/v2\/wcs-room?post=22205"},{"taxonomy":"wcs-instructor","embeddable":true,"href":"https:\/\/costablancaup.com\/ru\/wp-json\/wp\/v2\/wcs-instructor?post=22205"}],"curies":[{"name":"wp","href":"https:\/\/api.w.org\/{rel}","templated":true}]}}

Duo Dalí: «3 Sonatas a Salieri de Beethoven»

<h3>The Dúo Dalí is made up of the performers Aida Velert (piano) and Fernando Pascual (violin)</h3>
<p><em>The Dúo Dalí</em> was formed at the end of 2012. Each of them has an extensive career as a solo performer or as a member of other chamber music groups.</p>
<h3>Synopsis</h3>
<p>In January 1799, a Beethoven not so young, and certainly already famous among the Viennese aristocracy, published three sonatas <em>per il Clavicembalo or Forte-Piano with a Violino</em>, that is, for piano with an apparently supplementary part for the violin.</p>
<p>Indeed, with these three sonatas Beethoven begins a journey that will culminate only five years later with the sonata <em>Kreutzer</em> and that prepares the birth of the romantic sonata.</p>
<p class="tickets"><a target="_blank" title="Добавить информациюn" href="https://www.ticketea.com/entradas-concierto-beethoven-3-sonatas-a-salieri/?a_aid=AFFPAP-costablancaup&#038;a_bid=0b473a77">Добавить информацию</a></p>

<p>The Dúo Dalí is made up of the performers Aida Velert (piano) and Fernando Pascual (violin) The Dúo Dalí was formed at the end of 2012. Each of them has an extensive career as a solo performer or as a member of other chamber music groups. Synopsis In January 1799, a Beethoven not so young, and certainly already famous among the Viennese aristocracy, published three sonatas per il Clavicembalo or Forte-Piano with a Violino, that is, for piano with an apparently supplementary part for the violin. Indeed, with these three sonatas Beethoven begins a journey that will culminate only five [&hellip;]</p>

<!-- This site is optimized with the Yoast SEO plugin v27.4 - https://yoast.com/product/yoast-seo-wordpress/ -->
<title>Duo Dalí: «3 Sonatas a Salieri de Beethoven» - COSTA BLANCA UP</title>
<meta name="robots" content="index, follow, max-snippet:-1, max-image-preview:large, max-video-preview:-1" />
<link rel="canonical" href="https://costablancaup.com/ru/class/duo-dali-3-sonatas-a-salieri-de-beethoven/" />
<meta property="og:locale" content="ru_RU" />
<meta property="og:type" content="article" />
<meta property="og:title" content="Duo Dalí: «3 Sonatas a Salieri de Beethoven» - COSTA BLANCA UP" />
<meta property="og:description" content="The Dúo Dalí is made up of the performers Aida Velert (piano) and Fernando Pascual (violin) The Dúo Dalí was formed at the end of 2012. Each of them has an extensive career as a solo performer or as a member of other chamber music groups. Synopsis In January 1799, a Beethoven not so young, and certainly already famous among the Viennese aristocracy, published three sonatas per il Clavicembalo or Forte-Piano with a Violino, that is, for piano with an apparently supplementary part for the violin. Indeed, with these three sonatas Beethoven begins a journey that will culminate only five [&hellip;]" />
<meta property="og:url" content="https://costablancaup.com/ru/class/duo-dali-3-sonatas-a-salieri-de-beethoven/" />
<meta property="og:site_name" content="COSTA BLANCA UP" />
<meta property="article:modified_time" content="2018-12-05T13:22:35+00:00" />
<meta name="twitter:card" content="summary_large_image" />
<meta name="twitter:label1" content="Примерное время для чтения" />
	<meta name="twitter:data1" content="1 минута" />
<script type="application/ld+json" class="yoast-schema-graph">{"@context":"https:\/\/schema.org","@graph":[{"@type":"WebPage","@id":"https:\/\/costablancaup.com\/ru\/class\/duo-dali-3-sonatas-a-salieri-de-beethoven\/","url":"https:\/\/costablancaup.com\/ru\/class\/duo-dali-3-sonatas-a-salieri-de-beethoven\/","name":"Duo Dalí: «3 Sonatas a Salieri de Beethoven» - COSTA BLANCA UP","isPartOf":{"@id":"https:\/\/costablancaup.com\/ru\/#website"},"datePublished":"2018-09-24T10:37:02+00:00","dateModified":"2018-12-05T13:22:35+00:00","breadcrumb":{"@id":"https:\/\/costablancaup.com\/ru\/class\/duo-dali-3-sonatas-a-salieri-de-beethoven\/#breadcrumb"},"inLanguage":"ru-RU","potentialAction":[{"@type":"ReadAction","target":["https:\/\/costablancaup.com\/ru\/class\/duo-dali-3-sonatas-a-salieri-de-beethoven\/"]}]},{"@type":"BreadcrumbList","@id":"https:\/\/costablancaup.com\/ru\/class\/duo-dali-3-sonatas-a-salieri-de-beethoven\/#breadcrumb","itemListElement":[{"@type":"ListItem","position":1,"name":"Home","item":"https:\/\/costablancaup.com\/ru\/"},{"@type":"ListItem","position":2,"name":"Duo Dalí: «3 Sonatas a Salieri de Beethoven»"}]},{"@type":"WebSite","@id":"https:\/\/costablancaup.com\/ru\/#website","url":"https:\/\/costablancaup.com\/ru\/","name":"COSTA BLANCA UP","description":"Costa Blanca Agenda","publisher":{"@id":"https:\/\/costablancaup.com\/ru\/#organization"},"potentialAction":[{"@type":"SearchAction","target":{"@type":"EntryPoint","urlTemplate":"https:\/\/costablancaup.com\/ru\/?s={search_term_string}"},"query-input":{"@type":"PropertyValueSpecification","valueRequired":true,"valueName":"search_term_string"}}],"inLanguage":"ru-RU"},{"@type":"Organization","@id":"https:\/\/costablancaup.com\/ru\/#organization","name":"Costa Blanca Up","url":"https:\/\/costablancaup.com\/ru\/","logo":{"@type":"ImageObject","inLanguage":"ru-RU","@id":"https:\/\/costablancaup.com\/ru\/#\/schema\/logo\/image\/","url":"https:\/\/costablancaup.com\/wp-content\/uploads\/2018\/07\/titulo_web-1.png","contentUrl":"https:\/\/costablancaup.com\/wp-content\/uploads\/2018\/07\/titulo_web-1.png","width":1973,"height":303,"caption":"Costa Blanca Up"},"image":{"@id":"https:\/\/costablancaup.com\/ru\/#\/schema\/logo\/image\/"}}]}</script>
<!-- / Yoast SEO plugin. -->

Duo Dalí: «3 Sonatas a Salieri de Beethoven» - COSTA BLANCA UP

The Dúo Dalí is made up of the performers Aida Velert (piano) and Fernando Pascual (violin) The Dúo Dalí was formed at the end of 2012. Each of them has an extensive career as a solo performer or as a member of other chamber music groups. Synopsis In January 1799, a Beethoven not so young, and certainly already famous among the Viennese aristocracy, published three sonatas per il Clavicembalo or Forte-Piano with a Violino, that is, for piano with an apparently supplementary part for the violin. Indeed, with these three sonatas Beethoven begins a journey that will culminate only five [&hellip;]

1 минута
