{"id":31141,"date":"2019-06-07T11:35:14","date_gmt":"2019-06-07T09:35:14","guid":{"rendered":"https:\/\/costablancaup.com\/class\/poetas-del-rock-kiko-veneno-bebe-xavi-sarria\/"},"modified":"2019-06-10T14:26:08","modified_gmt":"2019-06-10T12:26:08","slug":"poetas-del-rock-kiko-veneno-bebe-xavi-sarria","status":"publish","type":"class","link":"https:\/\/costablancaup.com\/ru\/class\/poetas-del-rock-kiko-veneno-bebe-xavi-sarria\/","title":{"rendered":"&#171;Poetas del Rock&#187;: Kiko Veneno &#038; Bebe &#038; Xavi Sarri\u00e1"},"content":{"rendered":"<h2>Festival Poetas del Rock: Kiko Veneno &#038; Bebe &#038; Xavi Sarri\u00e1 &#8212; Concerts de Vivers 2019<\/h2>\n<p>Valencia &#8212; Jardines de Viveros<br \/>Calle San P\u00edo V<br \/>05\/07\/2019<br \/>20:30<\/p>\n<p>\u0426\u0435\u043b\u044c \u0444\u0435\u0441\u0442\u0438\u0432\u0430\u043b\u044f &#171;Poetas del Rock&#187;(&#171;\u041f\u043e\u044d\u0442\u044b \u0440\u043e\u043a\u0430&#187;) &#8212; \u043f\u0440\u0438\u0432\u043b\u0435\u0447\u044c \u0432\u043d\u0438\u043c\u0430\u043d\u0438\u0435 \u043a \u0441\u0438\u043c\u0431\u0438\u043e\u0437\u0443 \u043c\u0435\u0436\u0434\u0443 \u043c\u0443\u0437\u044b\u043a\u043e\u0439 \u0438 \u0441\u043b\u043e\u0432\u043e\u043c, \u043c\u0435\u0436\u0434\u0443 \u043c\u0443\u0437\u044b\u043a\u0430\u043b\u044c\u043d\u044b\u043c\u0438 \u043f\u043e\u044d\u0442\u0430\u043c\u0438 \u0438 \u043f\u043e\u044d\u0442\u0438\u0447\u043d\u044b\u043c\u0438 \u043c\u0443\u0437\u044b\u043a\u0430\u043d\u0442\u0430\u043c\u0438.<\/p>\n","protected":false},"excerpt":{"rendered":"<p>Festival Poetas del Rock: Kiko Veneno &#038; Bebe &#038; Xavi Sarri\u00e1 &#8212; Concerts de Vivers 2019 Valencia &#8212; Jardines de ViverosCalle San P\u00edo V05\/07\/201920:30 \u0426\u0435\u043b\u044c \u0444\u0435\u0441\u0442\u0438\u0432\u0430\u043b\u044f &#171;Poetas del Rock&#187;(&#171;\u041f\u043e\u044d\u0442\u044b \u0440\u043e\u043a\u0430&#187;) &#8212; \u043f\u0440\u0438\u0432\u043b\u0435\u0447\u044c \u0432\u043d\u0438\u043c\u0430\u043d\u0438\u0435 \u043a \u0441\u0438\u043c\u0431\u0438\u043e\u0437\u0443 \u043c\u0435\u0436\u0434\u0443 \u043c\u0443\u0437\u044b\u043a\u043e\u0439 \u0438 \u0441\u043b\u043e\u0432\u043e\u043c, \u043c\u0435\u0436\u0434\u0443 \u043c\u0443\u0437\u044b\u043a\u0430\u043b\u044c\u043d\u044b\u043c\u0438 \u043f\u043e\u044d\u0442\u0430\u043c\u0438 \u0438 \u043f\u043e\u044d\u0442\u0438\u0447\u043d\u044b\u043c\u0438 \u043c\u0443\u0437\u044b\u043a\u0430\u043d\u0442\u0430\u043c\u0438.<\/p>\n","protected":false},"template":"","meta":[],"wcs-type":[5428],"wcs-room":[5982],"wcs-instructor":[],"class_list":["post-31141","class","type-class","status-publish","hentry","wcs-type-5428","wcs-room-valencia-jardines-de-viveros"],"yoast_head":"<!-- This site is optimized with the Yoast SEO plugin v27.4 - https:\/\/yoast.com\/product\/yoast-seo-wordpress\/ -->\n<title>&quot;Poetas del Rock&quot;: Kiko Veneno &amp; Bebe &amp; Xavi Sarri\u00e1 - COSTA BLANCA UP<\/title>\n<meta name=\"robots\" content=\"index, follow, max-snippet:-1, max-image-preview:large, max-video-preview:-1\" \/>\n<link rel=\"canonical\" href=\"https:\/\/costablancaup.com\/ru\/class\/poetas-del-rock-kiko-veneno-bebe-xavi-sarria\/\" \/>\n<meta property=\"og:locale\" content=\"ru_RU\" \/>\n<meta property=\"og:type\" content=\"article\" \/>\n<meta property=\"og:title\" content=\"&quot;Poetas del Rock&quot;: Kiko Veneno &amp; Bebe &amp; Xavi Sarri\u00e1 - COSTA BLANCA UP\" \/>\n<meta property=\"og:description\" content=\"Festival Poetas del Rock: Kiko Veneno &#038; Bebe &#038; Xavi Sarri\u00e1 &#8212; Concerts de Vivers 2019 Valencia &#8212; Jardines de ViverosCalle San P\u00edo V05\/07\/201920:30 \u0426\u0435\u043b\u044c \u0444\u0435\u0441\u0442\u0438\u0432\u0430\u043b\u044f &#171;Poetas del Rock&#187;(&#171;\u041f\u043e\u044d\u0442\u044b \u0440\u043e\u043a\u0430&#187;) &#8212; \u043f\u0440\u0438\u0432\u043b\u0435\u0447\u044c \u0432\u043d\u0438\u043c\u0430\u043d\u0438\u0435 \u043a \u0441\u0438\u043c\u0431\u0438\u043e\u0437\u0443 \u043c\u0435\u0436\u0434\u0443 \u043c\u0443\u0437\u044b\u043a\u043e\u0439 \u0438 \u0441\u043b\u043e\u0432\u043e\u043c, \u043c\u0435\u0436\u0434\u0443 \u043c\u0443\u0437\u044b\u043a\u0430\u043b\u044c\u043d\u044b\u043c\u0438 \u043f\u043e\u044d\u0442\u0430\u043c\u0438 \u0438 \u043f\u043e\u044d\u0442\u0438\u0447\u043d\u044b\u043c\u0438 \u043c\u0443\u0437\u044b\u043a\u0430\u043d\u0442\u0430\u043c\u0438.\" \/>\n<meta property=\"og:url\" content=\"https:\/\/costablancaup.com\/ru\/class\/poetas-del-rock-kiko-veneno-bebe-xavi-sarria\/\" \/>\n<meta property=\"og:site_name\" content=\"COSTA BLANCA UP\" \/>\n<meta property=\"article:modified_time\" content=\"2019-06-10T12:26:08+00:00\" \/>\n<meta name=\"twitter:card\" content=\"summary_large_image\" \/>\n<script type=\"application\/ld+json\" class=\"yoast-schema-graph\">{\"@context\":\"https:\\\/\\\/schema.org\",\"@graph\":[{\"@type\":\"WebPage\",\"@id\":\"https:\\\/\\\/costablancaup.com\\\/ru\\\/class\\\/poetas-del-rock-kiko-veneno-bebe-xavi-sarria\\\/\",\"url\":\"https:\\\/\\\/costablancaup.com\\\/ru\\\/class\\\/poetas-del-rock-kiko-veneno-bebe-xavi-sarria\\\/\",\"name\":\"\\\"Poetas del Rock\\\": Kiko Veneno & Bebe & Xavi Sarri\u00e1 - COSTA BLANCA UP\",\"isPartOf\":{\"@id\":\"https:\\\/\\\/costablancaup.com\\\/ru\\\/#website\"},\"datePublished\":\"2019-06-07T09:35:14+00:00\",\"dateModified\":\"2019-06-10T12:26:08+00:00\",\"breadcrumb\":{\"@id\":\"https:\\\/\\\/costablancaup.com\\\/ru\\\/class\\\/poetas-del-rock-kiko-veneno-bebe-xavi-sarria\\\/#breadcrumb\"},\"inLanguage\":\"ru-RU\",\"potentialAction\":[{\"@type\":\"ReadAction\",\"target\":[\"https:\\\/\\\/costablancaup.com\\\/ru\\\/class\\\/poetas-del-rock-kiko-veneno-bebe-xavi-sarria\\\/\"]}]},{\"@type\":\"BreadcrumbList\",\"@id\":\"https:\\\/\\\/costablancaup.com\\\/ru\\\/class\\\/poetas-del-rock-kiko-veneno-bebe-xavi-sarria\\\/#breadcrumb\",\"itemListElement\":[{\"@type\":\"ListItem\",\"position\":1,\"name\":\"Home\",\"item\":\"https:\\\/\\\/costablancaup.com\\\/ru\\\/\"},{\"@type\":\"ListItem\",\"position\":2,\"name\":\"\u00abPoetas del Rock\u00bb: Kiko Veneno &#038; Bebe &#038; Xavi Sarri\u00e1\"}]},{\"@type\":\"WebSite\",\"@id\":\"https:\\\/\\\/costablancaup.com\\\/ru\\\/#website\",\"url\":\"https:\\\/\\\/costablancaup.com\\\/ru\\\/\",\"name\":\"COSTA BLANCA UP\",\"description\":\"Costa Blanca Agenda\",\"publisher\":{\"@id\":\"https:\\\/\\\/costablancaup.com\\\/ru\\\/#organization\"},\"potentialAction\":[{\"@type\":\"SearchAction\",\"target\":{\"@type\":\"EntryPoint\",\"urlTemplate\":\"https:\\\/\\\/costablancaup.com\\\/ru\\\/?s={search_term_string}\"},\"query-input\":{\"@type\":\"PropertyValueSpecification\",\"valueRequired\":true,\"valueName\":\"search_term_string\"}}],\"inLanguage\":\"ru-RU\"},{\"@type\":\"Organization\",\"@id\":\"https:\\\/\\\/costablancaup.com\\\/ru\\\/#organization\",\"name\":\"Costa Blanca Up\",\"url\":\"https:\\\/\\\/costablancaup.com\\\/ru\\\/\",\"logo\":{\"@type\":\"ImageObject\",\"inLanguage\":\"ru-RU\",\"@id\":\"https:\\\/\\\/costablancaup.com\\\/ru\\\/#\\\/schema\\\/logo\\\/image\\\/\",\"url\":\"https:\\\/\\\/costablancaup.com\\\/wp-content\\\/uploads\\\/2018\\\/07\\\/titulo_web-1.png\",\"contentUrl\":\"https:\\\/\\\/costablancaup.com\\\/wp-content\\\/uploads\\\/2018\\\/07\\\/titulo_web-1.png\",\"width\":1973,\"height\":303,\"caption\":\"Costa Blanca Up\"},\"image\":{\"@id\":\"https:\\\/\\\/costablancaup.com\\\/ru\\\/#\\\/schema\\\/logo\\\/image\\\/\"}}]}<\/script>\n<!-- \/ Yoast SEO plugin. -->","yoast_head_json":{"title":"\"Poetas del Rock\": Kiko Veneno & Bebe & Xavi Sarri\u00e1 - COSTA BLANCA UP","robots":{"index":"index","follow":"follow","max-snippet":"max-snippet:-1","max-image-preview":"max-image-preview:large","max-video-preview":"max-video-preview:-1"},"canonical":"https:\/\/costablancaup.com\/ru\/class\/poetas-del-rock-kiko-veneno-bebe-xavi-sarria\/","og_locale":"ru_RU","og_type":"article","og_title":"\"Poetas del Rock\": Kiko Veneno & Bebe & Xavi Sarri\u00e1 - COSTA BLANCA UP","og_description":"Festival Poetas del Rock: Kiko Veneno &#038; Bebe &#038; Xavi Sarri\u00e1 &#8212; Concerts de Vivers 2019 Valencia &#8212; Jardines de ViverosCalle San P\u00edo V05\/07\/201920:30 \u0426\u0435\u043b\u044c \u0444\u0435\u0441\u0442\u0438\u0432\u0430\u043b\u044f &#171;Poetas del Rock&#187;(&#171;\u041f\u043e\u044d\u0442\u044b \u0440\u043e\u043a\u0430&#187;) &#8212; \u043f\u0440\u0438\u0432\u043b\u0435\u0447\u044c \u0432\u043d\u0438\u043c\u0430\u043d\u0438\u0435 \u043a \u0441\u0438\u043c\u0431\u0438\u043e\u0437\u0443 \u043c\u0435\u0436\u0434\u0443 \u043c\u0443\u0437\u044b\u043a\u043e\u0439 \u0438 \u0441\u043b\u043e\u0432\u043e\u043c, \u043c\u0435\u0436\u0434\u0443 \u043c\u0443\u0437\u044b\u043a\u0430\u043b\u044c\u043d\u044b\u043c\u0438 \u043f\u043e\u044d\u0442\u0430\u043c\u0438 \u0438 \u043f\u043e\u044d\u0442\u0438\u0447\u043d\u044b\u043c\u0438 \u043c\u0443\u0437\u044b\u043a\u0430\u043d\u0442\u0430\u043c\u0438.","og_url":"https:\/\/costablancaup.com\/ru\/class\/poetas-del-rock-kiko-veneno-bebe-xavi-sarria\/","og_site_name":"COSTA BLANCA UP","article_modified_time":"2019-06-10T12:26:08+00:00","twitter_card":"summary_large_image","schema":{"@context":"https:\/\/schema.org","@graph":[{"@type":"WebPage","@id":"https:\/\/costablancaup.com\/ru\/class\/poetas-del-rock-kiko-veneno-bebe-xavi-sarria\/","url":"https:\/\/costablancaup.com\/ru\/class\/poetas-del-rock-kiko-veneno-bebe-xavi-sarria\/","name":"\"Poetas del Rock\": Kiko Veneno & Bebe & Xavi Sarri\u00e1 - COSTA BLANCA UP","isPartOf":{"@id":"https:\/\/costablancaup.com\/ru\/#website"},"datePublished":"2019-06-07T09:35:14+00:00","dateModified":"2019-06-10T12:26:08+00:00","breadcrumb":{"@id":"https:\/\/costablancaup.com\/ru\/class\/poetas-del-rock-kiko-veneno-bebe-xavi-sarria\/#breadcrumb"},"inLanguage":"ru-RU","potentialAction":[{"@type":"ReadAction","target":["https:\/\/costablancaup.com\/ru\/class\/poetas-del-rock-kiko-veneno-bebe-xavi-sarria\/"]}]},{"@type":"BreadcrumbList","@id":"https:\/\/costablancaup.com\/ru\/class\/poetas-del-rock-kiko-veneno-bebe-xavi-sarria\/#breadcrumb","itemListElement":[{"@type":"ListItem","position":1,"name":"Home","item":"https:\/\/costablancaup.com\/ru\/"},{"@type":"ListItem","position":2,"name":"\u00abPoetas del Rock\u00bb: Kiko Veneno &#038; Bebe &#038; Xavi Sarri\u00e1"}]},{"@type":"WebSite","@id":"https:\/\/costablancaup.com\/ru\/#website","url":"https:\/\/costablancaup.com\/ru\/","name":"COSTA BLANCA UP","description":"Costa Blanca Agenda","publisher":{"@id":"https:\/\/costablancaup.com\/ru\/#organization"},"potentialAction":[{"@type":"SearchAction","target":{"@type":"EntryPoint","urlTemplate":"https:\/\/costablancaup.com\/ru\/?s={search_term_string}"},"query-input":{"@type":"PropertyValueSpecification","valueRequired":true,"valueName":"search_term_string"}}],"inLanguage":"ru-RU"},{"@type":"Organization","@id":"https:\/\/costablancaup.com\/ru\/#organization","name":"Costa Blanca Up","url":"https:\/\/costablancaup.com\/ru\/","logo":{"@type":"ImageObject","inLanguage":"ru-RU","@id":"https:\/\/costablancaup.com\/ru\/#\/schema\/logo\/image\/","url":"https:\/\/costablancaup.com\/wp-content\/uploads\/2018\/07\/titulo_web-1.png","contentUrl":"https:\/\/costablancaup.com\/wp-content\/uploads\/2018\/07\/titulo_web-1.png","width":1973,"height":303,"caption":"Costa Blanca Up"},"image":{"@id":"https:\/\/costablancaup.com\/ru\/#\/schema\/logo\/image\/"}}]}},"_links":{"self":[{"href":"https:\/\/costablancaup.com\/ru\/wp-json\/wp\/v2\/class\/31141","targetHints":{"allow":["GET"]}}],"collection":[{"href":"https:\/\/costablancaup.com\/ru\/wp-json\/wp\/v2\/class"}],"about":[{"href":"https:\/\/costablancaup.com\/ru\/wp-json\/wp\/v2\/types\/class"}],"wp:attachment":[{"href":"https:\/\/costablancaup.com\/ru\/wp-json\/wp\/v2\/media?parent=31141"}],"wp:term":[{"taxonomy":"wcs-type","embeddable":true,"href":"https:\/\/costablancaup.com\/ru\/wp-json\/wp\/v2\/wcs-type?post=31141"},{"taxonomy":"wcs-room","embeddable":true,"href":"https:\/\/costablancaup.com\/ru\/wp-json\/wp\/v2\/wcs-room?post=31141"},{"taxonomy":"wcs-instructor","embeddable":true,"href":"https:\/\/costablancaup.com\/ru\/wp-json\/wp\/v2\/wcs-instructor?post=31141"}],"curies":[{"name":"wp","href":"https:\/\/api.w.org\/{rel}","templated":true}]}}

&#171;Poetas del Rock&#187;: Kiko Veneno &#038; Bebe &#038; Xavi Sarriá

<h2>Festival Poetas del Rock: Kiko Veneno &#038; Bebe &#038; Xavi Sarriá &#8212; Concerts de Vivers 2019</h2>
<p>Valencia &#8212; Jardines de Viveros<br />Calle San Pío V<br />05/07/2019<br />20:30</p>
<p>Цель фестиваля &#171;Poetas del Rock&#187;(&#171;Поэты рока&#187;) &#8212; привлечь внимание к симбиозу между музыкой и словом, между музыкальными поэтами и поэтичными музыкантами.</p>

<p>Festival Poetas del Rock: Kiko Veneno &#038; Bebe &#038; Xavi Sarriá &#8212; Concerts de Vivers 2019 Valencia &#8212; Jardines de ViverosCalle San Pío V05/07/201920:30 Цель фестиваля &#171;Poetas del Rock&#187;(&#171;Поэты рока&#187;) &#8212; привлечь внимание к симбиозу между музыкой и словом, между музыкальными поэтами и поэтичными музыкантами.</p>

<!-- This site is optimized with the Yoast SEO plugin v27.4 - https://yoast.com/product/yoast-seo-wordpress/ -->
<title>&quot;Poetas del Rock&quot;: Kiko Veneno &amp; Bebe &amp; Xavi Sarriá - COSTA BLANCA UP</title>
<meta name="robots" content="index, follow, max-snippet:-1, max-image-preview:large, max-video-preview:-1" />
<link rel="canonical" href="https://costablancaup.com/ru/class/poetas-del-rock-kiko-veneno-bebe-xavi-sarria/" />
<meta property="og:locale" content="ru_RU" />
<meta property="og:type" content="article" />
<meta property="og:title" content="&quot;Poetas del Rock&quot;: Kiko Veneno &amp; Bebe &amp; Xavi Sarriá - COSTA BLANCA UP" />
<meta property="og:description" content="Festival Poetas del Rock: Kiko Veneno &#038; Bebe &#038; Xavi Sarriá &#8212; Concerts de Vivers 2019 Valencia &#8212; Jardines de ViverosCalle San Pío V05/07/201920:30 Цель фестиваля &#171;Poetas del Rock&#187;(&#171;Поэты рока&#187;) &#8212; привлечь внимание к симбиозу между музыкой и словом, между музыкальными поэтами и поэтичными музыкантами." />
<meta property="og:url" content="https://costablancaup.com/ru/class/poetas-del-rock-kiko-veneno-bebe-xavi-sarria/" />
<meta property="og:site_name" content="COSTA BLANCA UP" />
<meta property="article:modified_time" content="2019-06-10T12:26:08+00:00" />
<meta name="twitter:card" content="summary_large_image" />
<script type="application/ld+json" class="yoast-schema-graph">{"@context":"https:\/\/schema.org","@graph":[{"@type":"WebPage","@id":"https:\/\/costablancaup.com\/ru\/class\/poetas-del-rock-kiko-veneno-bebe-xavi-sarria\/","url":"https:\/\/costablancaup.com\/ru\/class\/poetas-del-rock-kiko-veneno-bebe-xavi-sarria\/","name":"\"Poetas del Rock\": Kiko Veneno & Bebe & Xavi Sarriá - COSTA BLANCA UP","isPartOf":{"@id":"https:\/\/costablancaup.com\/ru\/#website"},"datePublished":"2019-06-07T09:35:14+00:00","dateModified":"2019-06-10T12:26:08+00:00","breadcrumb":{"@id":"https:\/\/costablancaup.com\/ru\/class\/poetas-del-rock-kiko-veneno-bebe-xavi-sarria\/#breadcrumb"},"inLanguage":"ru-RU","potentialAction":[{"@type":"ReadAction","target":["https:\/\/costablancaup.com\/ru\/class\/poetas-del-rock-kiko-veneno-bebe-xavi-sarria\/"]}]},{"@type":"BreadcrumbList","@id":"https:\/\/costablancaup.com\/ru\/class\/poetas-del-rock-kiko-veneno-bebe-xavi-sarria\/#breadcrumb","itemListElement":[{"@type":"ListItem","position":1,"name":"Home","item":"https:\/\/costablancaup.com\/ru\/"},{"@type":"ListItem","position":2,"name":"«Poetas del Rock»: Kiko Veneno &#038; Bebe &#038; Xavi Sarriá"}]},{"@type":"WebSite","@id":"https:\/\/costablancaup.com\/ru\/#website","url":"https:\/\/costablancaup.com\/ru\/","name":"COSTA BLANCA UP","description":"Costa Blanca Agenda","publisher":{"@id":"https:\/\/costablancaup.com\/ru\/#organization"},"potentialAction":[{"@type":"SearchAction","target":{"@type":"EntryPoint","urlTemplate":"https:\/\/costablancaup.com\/ru\/?s={search_term_string}"},"query-input":{"@type":"PropertyValueSpecification","valueRequired":true,"valueName":"search_term_string"}}],"inLanguage":"ru-RU"},{"@type":"Organization","@id":"https:\/\/costablancaup.com\/ru\/#organization","name":"Costa Blanca Up","url":"https:\/\/costablancaup.com\/ru\/","logo":{"@type":"ImageObject","inLanguage":"ru-RU","@id":"https:\/\/costablancaup.com\/ru\/#\/schema\/logo\/image\/","url":"https:\/\/costablancaup.com\/wp-content\/uploads\/2018\/07\/titulo_web-1.png","contentUrl":"https:\/\/costablancaup.com\/wp-content\/uploads\/2018\/07\/titulo_web-1.png","width":1973,"height":303,"caption":"Costa Blanca Up"},"image":{"@id":"https:\/\/costablancaup.com\/ru\/#\/schema\/logo\/image\/"}}]}</script>
<!-- / Yoast SEO plugin. -->

"Poetas del Rock": Kiko Veneno & Bebe & Xavi Sarriá - COSTA BLANCA UP

Festival Poetas del Rock: Kiko Veneno &#038; Bebe &#038; Xavi Sarriá &#8212; Concerts de Vivers 2019 Valencia &#8212; Jardines de ViverosCalle San Pío V05/07/201920:30 Цель фестиваля &#171;Poetas del Rock&#187;(&#171;Поэты рока&#187;) &#8212; привлечь внимание к симбиозу между музыкой и словом, между музыкальными поэтами и поэтичными музыкантами.

«Poetas del Rock»: Kiko Veneno &#038; Bebe &#038; Xavi Sarriá
